20 is divided by 125.
95
What is the remainder when 186299 is divided by 803?
3
Calculate the remainder when 3480 is divided by 1726.
28
What is the remainder when 30333 is divided by 4332?
9
What is the remainder when 2109004 is divided by 11?
7
Calculate the remainder when 916 is divided by 202.
108
Calculate the remainder when 53754 is divided by 517.
503
Calculate the remainder when 1168 is divided by 113.
38
What is the remainder when 18337 is divided by 2279?
105
Calculate the remainder when 2558 is divided by 91.
10
What is the remainder when 302679 is divided by 140?
139
Calculate the remainder when 15030 is divided by 14.
8
Calculate the remainder when 177987 is divided by 13.
4
What is the remainder when 1178507 is divided by 281?
274
Calculate the remainder when 1630577 is divided by 543522.
11
Calculate the remainder when 106097 is divided by 54.
41
Calculate the remainder when 110993 is divided by 455.
428
Calculate the remainder when 30487 is divided by 4715.
2197
Calculate the remainder when 406463 is divided by 96.
95
Calculate the remainder when 316634 is divided by 2417.
7
What is the remainder when 5349 is divided by 23?
13
Calculate the remainder when 56895 is divided by 87.
84
Calculate the remainder when 96857 is divided by 975.
332
Calculate the remainder when 26310 is divided by 1252.
18
Calculate the remainder when 135934 is divided by 8.
6
What is the remainder when 7699 is divided by 51?
49
What is the remainder when 23717 is divided by 1972?
53
What is the remainder when 569003 is divided by 106?
101
Calculate the remainder when 76899 is divided by 884.
875
What is the remainder when 255918 is divided by 150?
18
Calculate the remainder when 14837 is divided by 181.
176
What is the remainder when 477099 is divided by 1211?
1176
Calculate the remainder when 129 is divided by 29.
13
Calculate the remainder when 249 is divided by 122.
5
What is the remainder when 2032 is divided by 48?
16
Calculate the remainder when 10391 is divided by 264.
95
What is the remainder when 22641 is divided by 27?
15
Calculate the remainder when 28452 is divided by 632.
12
What is the remainder when 10195 is divided by 2038?
5
What is the remainder when 1003 is divided by 124?
11
Calculate the remainder when 83225 is divided by 406.
401
What is the remainder when 576812 is divided by 192270?
2
What is the remainder when 20209 is divided by 6727?
28
What is the remainder when 432 is divided by 402?
30
What is the remainder when 1700 is divided by 1282?
418
Calculate the remainder when 17498 is divided by 605.
558
Calculate the remainder when 4060 is divided by 454.
428
What is the remainder when 1085597 is divided by 25?
22
What is the remainder when 1471 is divided by 40?
31
Calculate the remainder when 8798 is divided by 34.
26
What is the remainder when 187773 is divided by 17?
8
What is the remainder when 51983 is divided by 84?
71
Calculate the remainder when 13948 is divided by 56.
4
Calculate the remainder when 99630 is divided by 457.
4
What is the remainder when 2081 is divided by 478?
169
What is the remainder when 3987 is divided by 400?
387
Calculate the remainder when 823 is divided by 428.
395
What is the remainder when 6148 is divided by 1403?
536
What is the remainder when 9960 is divided by 22?
16
Calculate the remainder when 21281 is divided by 165.
161
What is the remainder when 320 is divided by 63?
5
Calculate the remainder when 50087 is divided by 290.
207
What is the remainder when 138281 is divided by 8642?
9
Calculate the remainder when 1064 is divided by 913.
151
What is the remainder when 386471 is divided by 242?
239
What is the remainder when 20698 is divided by 201?
196
Calculate the remainder when 381 is divided by 106.
63
Calculate the remainder when 57413 is divided by 6332.
425
Calculate the remainder when 2880 is divided by 17.
7
What is the remainder when 70123 is divided by 47?
46
Calculate the remainder when 2279819 is divided by 1193.
1189
Calculate the remainder when 2306 is divided by 797.
712
What is the remainder when 7543 is divided by 229?
215
What is the remainder when 24138 is divided by 84?
30
What is the remainder when 3360 is divided by 1106?
42
What is the remainder when 4584 is divided by 1248?
840
What is the remainder when 1339 is divided by 659?
21
What is the remainder when 17163 is divided by 42?
27
Calculate the remainder when 13863 is divided by 249.
168
What is the remainder when 331 is divided by 64?
11
What is the remainder when 124413 is divided by 9?
6
What is the remainder when 500993 is divided by 251?
248
Calculate the remainder when 3561 is divided by 266.
103
Calculate the remainder when 37327 is divided by 159.
121
What is the remainder when 10133 is divided by 140?
53
What is the remainder when 458619 is divided by 82?
75
What is the remainder when 5764 is divided by 638?
22
Calculate the remainder when 147201 is divided by 184.
1
Calculate the remainder when 222917 is divided by 76.
9
What is the remainder when 40388 is divided by 8076?
8
What is the remainder when 303422 is divided by 229?
226
Calculate the remainder when 4121 is divided by 520.
481
What is the remainder when 20549 is divided by 183?
53
What is the remainder when 18341 is divided by 89?
7
Calculate the remainder when 34883 is divided by 563.
540
Calculate the remainder when 7300 is divided by 1459.
5
Calculate the remainder when 105234 is divided by 3288.
18
Calculate the remainder when 8236 is divided by 3957.
322
Calculate the remainder when 1619 is divided by 1616.
3
Calculate the remainder when 1281 is divided by 341.
258
Calculate the remainder when 3678991 is divided by 12.
7
What is the remainder when 6607 is divided by 3248?
111
What is the remainder when 61158 is divided by 3397?
12
What is the remainder when 32718 is divided by 16358?
2
What is the remainder when 2352 is divided by 53?
20
What is the remainder when 112302 is divided by 257?
250
Calculate the remainder when 170379 is divided by 8.
3
What is the remainder when 270590 is divided by 7?
5
What is the remainder when 56786 is divided by 4055?
16
What is the remainder when 47429 is divided by 196?
193
What is the remainder when 49007 is divided by 924?
35
Calculate the remainder when 62265 is divided by 350.
315
Calculate the remainder when 56269 is divided by 23.
11
Calculate the remainder when 1050185 is divided by 561.
554
Calculate the remainder when 19809 is divided by 27.
18
Calculate the remainder when 3820 is divided by 326.
234
Calculate the remainder when 2612364 is divided by 278.
276
What is the remainder when 3626 is divided by 18?
8
What is the remainder when 17245 is divided by 206?
147
Calculate the remainder when 31135 is divided by 15.
10
Calculate the remainder when 633903 is divided by 30.
3
Calculate the remainder when 18165 is divided by 79.
74
What is the remainder when 306359 is divided by 79?
76
What is the remainder when 2529 is divided by 416?
33
Calculate the remainder when 295 is divided by 59.
0
Calculate the remainder when 189660 is divided by 66.
42
Calculate the remainder when 5454 is divided by 340.
14
What is the remainder when 3694 is divided by 43?
39
Calculate the remainder when 677 is divided by 672.
5
What is the remainder when 204221 is divided by 443?
441
What is the remainder when 1254121 is divided by 163?
162
What is the remainder when 130085 is divided by 92?
89
What is the remainder when 3071 is divided by 1009?
44
Calculate the remainder when 3358 is divided by 1115.
13
What is the remainder when 3890 is divided by 14?
12
What is the remainder when 44045 is divided by 50?
45
What is the remainder when 1354 is divided by 900?
454
What is the remainder when 45399 is divided by 3780?
39
Calculate the remainder when 163536 is divided by 27251.
30
Calculate the remainder when 2810 is divided by 1383.
44
What is the remainder when 33623 is divided by 1332?
323
What is the remainder when 1530 is divided by 140?
130
What is the remainder when 2104255 is divided by 704?
703
What is the remainder when 24822 is divided by 19?
8
Calculate the remainder when 1808 is divided by 351.
53
Calculate the remainder when 1912 is divided by 316.
16
Calculate the remainder when 1624 is divided by 338.
27